t w(r) = r - 8. Let j be w(-13). Let x = 25 + j. What is the greatest common divisor of 32 and x?
4
Suppose -3*d - 9 = -51. Let z(g) = -12*g - 3. Let c be z(-2). What is the greatest common divisor of d and c?
7
Suppose -z + 194 = 2*s - 0*s, 0 = 2*s - 4*z - 204. What is the greatest common divisor of s and 42?
14
Let x = -15 + 17. Let p be (-715)/10 - x/4. Let n = 128 + p. What is the highest common factor of n and 8?
8
Let k be (-5)/(-2)*(-104)/(-65). Suppose -m + 3 = -2, -k*m = -5*d - 15. What is the highest common divisor of d and 7?
1
Let q = 22 - 17. Let k be (6/4)/(q/140). Calculate the greatest common factor of k and 105.
21
Suppose 2*f = 2*c, 0 = -0*c + 3*c - 6. Suppose -5*p = -5*y - 5, p + 4*y + 1 = f*p. Suppose 3*b = -4 + 19. What is the highest common divisor of b and p?
1
Let n be (-25)/(2 + (-21)/12). Let q be (12/8)/((-6)/n). What is the greatest common factor of 5 and q?
5
Let v = -967 - -1051. What is the greatest common factor of 784 and v?
28
Let g = -93 + 135. Calculate the greatest common divisor of 63 and g.
21
Suppose 4*r = 3*k + 2*r - 13, 4*k + 3*r - 40 = 0. Let m = 8 - 1. Calculate the greatest common divisor of m and k.
7
Let i = 49 + -23. Let u = -25 + i. Calculate the greatest common factor of u and 2.
1
Let d(b) = -b**3 + 13*b**2 + 18*b + 4. Suppose -2*f = 4*t - 16 - 44, -2*t - 4*f = -36. Let l be d(t). Calculate the highest common factor of 20 and l.
20
Suppose -2*x + 4*m - m + 160 = 0, 5*x = -2*m + 400. What is the greatest common divisor of 16 and x?
16
Let y(n) = n**2 - 2*n - 1. Let o be y(3). Suppose 6 = -o*m + 22. Calculate the greatest common factor of 12 and m.
4
Suppose 3*z - 2*w + w = -806, -5*w = z + 290. Let i = z + 452. Suppose -r = 7 - 33. What is the greatest common divisor of r and i?
26
Suppose -6*q + 12*q - 7446 = 0. Calculate the greatest common factor of q and 17.
17
Suppose -5*k + 16*k = 55. Let d be (-1 + 41/(-5))/((-1)/k). Suppose -3*u = -36 - 33. Calculate the greatest common factor of d and u.
23
Let p = -63 + 105. Let u(c) = -c**3 - 4*c**2 + 6*c - 11. Let r be u(-6). Let s = r - -3. Calculate the greatest common factor of s and p.
14
Let c = 1 - -3. Let x = 4 - c. Suppose 5*n - 4*w - 65 = x, n - 13 = -0*n + 3*w. Calculate the highest common divisor of n and 104.
13
Suppose 20*x - 340 = 15*x. Calculate the highest common divisor of 2 and x.
2
Let p = 439 - 139. What is the highest common divisor of p and 12?
12
Suppose -2*q = -3*l + 3, -4*l - 1 = -q - 3*l. Suppose 3*b - q = -3. What is the highest common factor of 7 and b?
1
Suppose 0 = 26*r - 72 - 84. What is the greatest common factor of r and 306?
6
Let x = 113 - 48. What is the greatest common factor of 312 and x?
13
Suppose -23*s - 375 = -18*s. Let d(g) = -148*g**3 + 4*g**2 - 3*g. Let c be d(4). Let a be c/s + 2/5. Calculate the highest common factor of a and 14.
14
Let w(s) = s**3 - 2*s**2 + s + 30. Let x be w(0). Suppose 3*n + 3*n - 90 = 0. What is the greatest common divisor of n and x?
15
Suppose 2*c + 70 - 286 = 0. Suppose -4*m + c = -m. What is the greatest common factor of m and 18?
18
Suppose -3*u = -0*u - 66. Suppose -50*r + 136 = -52*r. Let g = r + 70. Calculate the greatest common factor of g and u.
2
Let k(s) = -6*s - 86. Let b be k(-17). What is the greatest common divisor of 512 and b?
16
Suppose -4*w - u - 55 = 0, -2*w - 3*u - 60 = 3*w. Let j be (-44)/(-3)*(0 + -3). Let h be (j/12)/(1/w). What is the highest common factor of h and 22?
11
Suppose 3*y - 9 = 0, -4*t + y = 2*y - 19. Suppose q + 8 = 3*q - u, -t*u = -4*q + 20. Let v be 6 - (-3)/q - 1. Calculate the greatest common factor of v and 6.
6
Suppose 0*k - k + 32 = 2*w, 3*w + 12 = 0. Suppose -40*h = -42*h + k. What is the greatest common factor of 10 and h?
10
Suppose 3*s - 2*s = 0. Suppose s = v - j + 6*j - 7, -4*j = -4. Calculate the greatest common divisor of v and 14.
2
Suppose 4*f - 5*g = 119, -f + 4*g = 8*g - 56. Suppose 0 = 10*w - 14*w + f. Calculate the highest common factor of 9 and w.
9
Let v be 7/((-3)/(-5 - 4)). What is the highest common factor of 525 and v?
21
Let t be 0/(-2)*4/(-8). Let y be (-934)/(-4) + 14/28. Suppose 2*w + t*w - y = -4*i, -5*i + 605 = 5*w. What is the greatest common divisor of 25 and w?
25
Let c = -8 - -12. Let l be (c/(-3))/((-1)/6). Let p be (-62)/62 - (-2 - 0 - 23). Calculate the highest common divisor of p and l.
8
Let z(a) = -a**2 - 9*a - 11. Let j be z(-7). Suppose 3*f + 2*b = 118, 2*f + 3*f = -j*b + 197. Calculate the greatest common factor of f and 8.
8
Suppose -11*w + 1028 = 368. Calculate the greatest common divisor of 130 and w.
10
Let c be (16/3)/(32/432). Suppose -23*y = -2660 + 452. Calculate the greatest common factor of c and y.
24
Let s be (-1275)/(-20) - (-10)/8. What is the greatest common divisor of 247 and s?
13
Let i(v) = -v**3 - 25*v**2 - 34*v - 78. Let w be i(-24). Calculate the highest common factor of 36 and w.
18
Let c be 314 - 6/(12/(-22)). Calculate the greatest common factor of 13 and c.
13
Let m = -38 + 40. Let n be 24 - (40/(-5))/m. What is the highest common divisor of n and 4?
4
Suppose -41*d = -34584 - 85259. Calculate the highest common divisor of d and 79.
79
Let t = -668 - -723. Calculate the greatest common factor of t and 297.
11
Suppose -26 = 8*n - 10*n. Let f = 4 + 9. Calculate the highest common divisor of f and n.
13
Let s = 1955 + -1940. Calculate the highest common factor of s and 150.
15
Suppose -5*r = v - 109, -3*r - 2*r = 5*v - 105. Let d = 42 + -21. Suppose o = -d + 23. What is the greatest common divisor of r and o?
2
Let i(l) = l + 4. Let a be i(-7). Let x be (-53)/a - 15/(-45). Calculate the highest common factor of 144 and x.
18
Let j be 41*((-72)/6)/(-12). What is the greatest common divisor of 1025 and j?
41
Let h be 1/2*32/8. Suppose -5*o - 39 = -5*d + h*d, -3*d = 4*o - 39. What is the highest common factor of d and 26?
13
Let u = 68 - 35. Suppose 5*n - 60 = 5*f, u + 5 = 3*n - f. Let j(b) = 7*b + 9. Let z be j(8). What is the greatest common divisor of n and z?
13
Let r(s) = 3*s**2 + 2*s - 62. Let z be r(6). Calculate the highest common divisor of z and 203.
29
Let w = 110 + -62. Calculate the highest common factor of w and 18.
6
Suppose 3*k - 2*v - 48 - 49 = 0, -2*v = 2*k - 68. What is the highest common factor of k and 264?
33
Let a(f) = 2*f + 22. Let x be a(-8). What is the highest common factor of x and 96?
6
Suppose 3*q - 18 - 18 = 0. Let s be (-1)/(1 + q*(-52)/616). Calculate the greatest common divisor of s and 11.
11
Let d(y) = 6*y - 14. Let p be d(7). Suppose -2*k - 2*k = -3*h, -5*k + 4*h = 1. Let u be (1/1)/(k/84). What is the highest common divisor of p and u?
28
Let q be (-2)/2 - (-22 - 1). Suppose 0 = 2*f + 61 - 69. Let h be (12/10)/(f/((-2200)/(-15))). Calculate the greatest common factor of h and q.
22
Suppose -7*u - 43*u + 7400 = 0. Calculate the highest common factor of 37 and u.
37
Suppose 261 = 2*f + f. Let p = f - 31. Calculate the highest common divisor of 28 and p.
28
Suppose 19*b = 14752 - 1376. Calculate the greatest common divisor of 11 and b.
11
Let g = 272 + -255. What is the highest common factor of 697 and g?
17
Suppose 3*g - 17 = 2*t, -t = -4*g - 0*t + 21. Let z(n) = 4*n**2 - 7*n. Let u be z(g). What is the greatest common factor of 26 and u?
13
Let d = 213 + -191. What is the greatest common factor of d and 330?
22
Suppose 221 + 409 = 7*f. Suppose 5*y = -b - 0*b + 56, 5*b + y - 184 = 0. What is the highest common divisor of f and b?
18
Let a = 56 + -55. Let o(x) = 44*x**2 + 4*x - 3. Let t be o(a). Calculate the highest common divisor of t and 18.
9
Suppose 29 = 3*a - x, -a + 5*x = 3*x - 18. Let c be 20/(0 + (-3)/(-6)). Calculate the greatest common divisor of a and c.
8
Suppose -k + 0*k + 209 = -r, -15 = 3*r. Calculate the greatest common factor of 357 and k.
51
Let d be 4/3 + 2/(-6). Let c be ((-27)/45)/(21/15)*-7. Suppose 0 = c*y - 4*f - d - 2, -3*f = 3*y - 24. What is the greatest common divisor of 20 and y?
5
Suppose -72 = -4*i + i. Let h = 12 - i. Let t = h + 40. Calculate the greatest common factor of 70 and t.
14
Let q(x) = x**3 - 3*x**2 - 4*x - 3. Let m be q(4). Let b be 18*m*(0 - 1). Let g = b + -37. What is the greatest common factor of g and 119?
17
Suppose -f + 2*y + 47 = -53, -4 = -2*y. Let b(w) = -7*w + 160. Let a be b(21). Calc